(x) be the first derivative of m(x). Is s(7) prime?
False
Let y(g) = -g**3 + 29*g**2 - 38*g - 1. Let b be 1 + (-107)/(-5) + 42/(-105). Is y(b) a composite number?
False
Suppose 5*w + 3 = 13, -28 = -2*h + w. Suppose 0 = -5*o + 3*y + 7453 - 2598, -3*y = -h. Suppose o = 3*z - z. Is z a composite number?
False
Let z = 549 + -297. Is 1*(1 - z)*-7 prime?
False
Is (2/(-3) - -1)/((-200)/(-184428600)) prime?
True
Let m(v) = 15*v**2 - 11*v + 1. Let u be m(1). Suppose 78255 + 35735 = u*t. Is t prime?
False
Let f = -903 + 362. Suppose -9*c - 3240 = 3*c. Let p = c - f. Is p a prime number?
True
Let j = 43 + 11. Is (116838/j)/((-1)/(-3)) a prime number?
True
Suppose -47829 + 655164 = 3*a - 2*w, 0 = -5*a + 11*w + 1012271. Is a composite?
False
Suppose -17797*i = -17810*i + 26580463. Is i a prime number?
False
Let q = 172603 - 92636. Is q composite?
False
Is 14 - (-5 + (6 - 57706)) a prime number?
True
Suppose -u - 2*y + 0*y + 826 = 0, -2*u + 5*y = -1652. Let k = -3 + 10. Suppose k*r = u + 3045. Is r a composite number?
True
Let d(b) = 293*b**2 - 106*b + 1109. Is d(20) composite?
False
Let r = 1407559 - 622730. Is r composite?
True
Suppose -146*j - 123018 = -153*j. Suppose 7*q - 13*q = -j. Is q composite?
True
Let c(h) = 8*h**2 + 65*h + 30. Let t(z) = 3*z**2 + 22*z + 10. Let b(a) = -4*c(a) + 11*t(a). Is b(-21) prime?
True
Suppose 0 = -q + 13*q. Suppose 3*r = -2*c + 1635, -2*c = -q*r - 2*r + 1090. Is r a composite number?
True
Let f(n) = -13375*n - 8676. Is f(-35) prime?
False
Let f = -1030 + 1882. Suppose -4*r = f + 20. Is r/(-4)*2*(-3 - -4) composite?
False
Let n = -57 - -61. Suppose -n = 3*l - 10. Is (36829/26)/(l/4) a prime number?
True
Suppose -228*d - 6 = -222*d. Is (5 - d) + -6 - -2671 a prime number?
True
Let r(o) be the first derivative of o**5/4 + 11*o**4/24 + 5*o**3/2 - 7*o**2 - 12. Let k(b) be the second derivative of r(b). Is k(-11) prime?
True
Let l = -145 + 140. Let x(q) = -179*q - 26. Is x(l) a prime number?
False
Suppose m - 4*l = 15871, -23 = -2*l - 29. Is m composite?
False
Let x be 41 - (0/(-4) + 1). Let f = 42 - x. Suppose 2*i + 428 = 5*b + 5*i, 0 = b + f*i - 87. Is b a prime number?
False
Let w = -1 - -18. Suppose 22*y - w*y - 15 = 0. Suppose 0 = -0*t + t + 5*q - 62, -y*q = -t + 70. Is t a prime number?
True
Let r(n) = 646*n**2 + 8*n + 185. Is r(14) a composite number?
False
Let p(a) = 0 + 6*a - 1 - 5*a**2 + 8*a**2. Let z be p(-5). Let h = z + 33. Is h prime?
False
Let c(b) = 8*b**2 + 23*b - 34. Suppose -4*x - 26 + 66 = 0. Suppose x = g - 1. Is c(g) a prime number?
True
Suppose 0 = -3*x + 12, -2*f + 2*x = -0*x + 72. Let y(v) = 2*v**2 + 18*v + 71. Is y(f) a prime number?
True
Let f(n) = -3244*n**2 + 7*n - 1. Let j be f(2). Let i = -7790 - j. Is i a prime number?
False
Let x = 2962 + -722. Let l = 3499 + -3493. Suppose 3*n + 1698 = l*n - 3*u, 4*u - x = -4*n. Is n prime?
True
Let y be 5/(-30)*3*(-2 + 2). Is 5/(-2) + 30684/8 + y composite?
False
Let z(m) = 2*m**3 - m**2 - 15*m + 10. Let q be z(3). Is (-5)/q + 106456/16 composite?
False
Suppose -16*t + 40188 + 134519 = -317181. Is t composite?
True
Suppose 2 = -o + 5*q - 1, 2*q - 2 = 0. Suppose 0 = -o*j + 2*f + 6267 + 2585, -j + 2*f = -4431. Is j a composite number?
False
Let j = -26566 + 41420. Let a = j - 7703. Is a composite?
False
Let r(t) = 1069*t**2 + 29*t + 1. Is r(-5) a composite number?
True
Suppose 3*n - 5*n = 5*w - 13064, 2*w = n - 6523. Is n a composite number?
True
Suppose -14*k = b - 19*k - 102917, b - 102924 = -2*k. Is b a composite number?
True
Suppose 0*g = -5*g + 724655. Is g prime?
True
Let u(q) = 2*q**2 + 7*q + 2. Let b be u(-4). Let y(t) = 15 + 18 - t**3 - b*t - 34. Is y(-6) a composite number?
False
Let d(t) = 7209*t - 337. Is d(8) prime?
False
Let f(x) be the third derivative of 253*x**4/2 + x**3/6 - 101*x**2. Is f(1) composite?
False
Is -4*((-152)/760)/(4/9670) a prime number?
False
Let b = -73103 - -114740. Is b composite?
True
Let f = 32 + -28. Suppose -f*h + 5*k + 18 = 0, -4*h - 3*k - 2 = -4. Suppose -t - 2*t - 1333 = -5*a, 0 = h*a + 4*t - 554. Is a prime?
True
Suppose 4*c - 4*j = 6775020, -5*c + 8468761 = -33*j + 35*j. Is c composite?
False
Suppose 9*w = 5*w + 5*j + 115, 0 = -5*w - 2*j + 119. Suppose k - 3*k = -c + 61, 0 = 3*k - 2*c + 92. Is (-730)/4*k/w composite?
True
Suppose 3*k = 128*k - 131125. Is k a composite number?
False
Suppose 4*s = -3*t + 23, 6*t - 2*s - 38 = 2*t. Suppose 5671 = t*g + 694. Is g prime?
False
Suppose 0 = -2*j - k - 9348, -6*j + 3*k = -7*j - 4679. Let w = -2158 - j. Is w a composite number?
True
Let a = -269533 - -517876. Is a composite?
True
Suppose 28*p - 124712 = 21*p. Let r = -7501 + p. Is r composite?
True
Let d be 13/(-69 + -9) - 118/12. Is 16985/d*(-4 - -2) a composite number?
True
Let b be 154 - (-2)/2 - 0. Suppose 5*w = 5*m + 445, -5*w + m - 544 = -1009. Let r = b + w. Is r prime?
False
Suppose 80 = -3*h - 508. Let c(o) = -o**3 + 3*o**2 + 5*o + 5. Let r be c(8). Let w = h - r. Is w a composite number?
False
Let r be (-2)/(-3)*24/(-16)*-1. Is ((-14126)/84)/(r/(-6)) a prime number?
True
Suppose -79*x - 459427 = -3*u - 83*x, -x = 5*u - 765672. Is u prime?
True
Is (-136 + 5 + 20)*(55526/(-6) + 0) a composite number?
True
Suppose 2*q = 3*j + 145058, -4*q - 3*j + 119968 = -170130. Is q a composite number?
True
Let q(m) = -21*m**3 + 3*m**2 - 5*m - 67. Let c be q(-11). Suppose -2*g - 4*g = -c. Is g a prime number?
False
Suppose 0 = -10*f + 221772 + 636658. Is f prime?
True
Is (4/10)/(-2 + 102944/51470) a prime number?
True
Let j(m) = -2008*m + 547. Is j(-114) a composite number?
False
Let z = -15571 + 94800. Is z a composite number?
False
Let a be 0 + (-50)/(-18) - 40/(-180). Suppose -a*z + 4*s = -0*s - 4031, -2*z = -4*s - 2686. Is z prime?
False
Suppose 38372 = 3*c + 4*k, 1126 = 3*c + 5*k - 37245. Let j = c + 2749. Is j a composite number?
False
Let n(x) = -20145*x - 181. Is n(-16) composite?
False
Let m = 2832122 - 1595755. Is m a prime number?
False
Suppose -10*t + 66538 = -58632. Let k = t + -3770. Is k prime?
True
Let j be (-3)/(21/2) + (-400)/(-28). Is (0 + 21767)/((j/2)/7) a prime number?
True
Let r(b) be the first derivative of 28*b**3/3 + 5*b**2/2 + 63*b + 17. Let j be r(-8). Let v = -130 + j. Is v prime?
False
Suppose -k - 5*q = k + 6, 8 = -k - 5*q. Let h be 91/7*1/2*k. Suppose -h*v + 13923 = -208. Is v prime?
True
Suppose -4*c + 5*k + 221 = 0, 0*c + 118 = 2*c - 4*k. Suppose -c*d + 41*d = -61736. Is d composite?
False
Let t(h) = -21*h - 16. Let c be t(-1). Suppose c*v - 13420 - 42045 = 0. Is v prime?
True
Suppose -14332 = 4*q + 3*s + 3979, -3*q = 2*s + 13734. Let n = q - -7013. Let i = n - 1072. Is i composite?
False
Suppose -2*y + 15 = 3*m, 3*y - 5*m = 5 - 11. Suppose -2*a + l + 20881 = 0, -1 = y*l - 4*l. Is a composite?
True
Suppose -13856 = -n + 3*f + 2*f, -1 = f. Is n/15 - (-8)/(-20) a composite number?
True
Let u(g) = g**3 + 6*g**2 - 21*g - 44. Let i be u(-8). Is 473462/88 + (-3)/i a composite number?
False
Let l = 25 + -24. Suppose -2*b = 3*r + l, -r - 7 = 2*b + 4*r. Suppose b*g + 4983 - 18179 = 0. Is g prime?
True
Is (17 - -1803132)*-6*(-6)/(-72)*-2 prime?
True
Suppose 318*g - 46148 - 484010 = 316*g. Is g prime?
True
Let k(u) be the first derivative of -4*u**3 - 5*u**2/2 - 24*u - 18. Let o(i) be the first derivative of k(i). Is o(-13) a composite number?
False
Let k = -407839 - -615902. Is k a prime number?
False
Let q(v) be the third derivative of -v**6/120 + 7*v**5/30 - v**4/2 - 19*v**3/6 - 7*v**2. Let s be q(13). Is (5036/s)/(8/(-12)) a composite number?
False
Suppose 4*u + 5*l - 7*l - 103850 = 0, 2*u = -4*l + 51920. Suppose 9*n - 3*n = u. Is n a composite number?
False
Suppose -w = -f - 17, 44 = -13*w + 15*w + 3*f. Suppose 2*m - w = -35. Is ((-2)/(-1))/(m/(-4604)) composite?
False
Let l = 604 - 1558. Let x = 2057 - l. Is x prime?
True
Let t be (6 - 9) + (1 - -332). Let k = t + -185. Suppose k = 5*s - 250. Is s a prime number?
True
Is -6 - 304905/(-13 + 10) a prime number?
False
Let f be ((-5)/(-15)*0)/(-1*4). Suppose 0 = 3*t + 9, f*t = -3*c + 4*t + 8595. Is c a prime number?
True
Is (-1 + 0)/(((-48)/34738960)/3) composite?
True
Let s = 46 - 60. Let k(r) = -6*r**2 - 11*r + 21. Let t be k(s). Let c = t - -1438. Is c a composite number?
True
Let f(d) = d**2 - 23*d - 54. Let n be f(25). Let u(b) = 144*b**2 - 2*b + 17.